[INFO] fetching crate fastwebsockets 0.4.2...
[INFO] checking fastwebsockets-0.4.2 against master#9610dfe5a9a731ced1ea4923ecbd0c57fe367898 for beta-170-4
[INFO] extracting crate fastwebsockets 0.4.2 into /workspace/builds/worker-7-tc1/source
[INFO] validating manifest of crates.io crate fastwebsockets 0.4.2 on toolchain 9610dfe5a9a731ced1ea4923ecbd0c57fe367898
[INFO] running `Command { std: CARGO_HOME="/workspace/cargo-home" RUSTUP_HOME="/workspace/rustup-home" "/workspace/cargo-home/bin/cargo" "+9610dfe5a9a731ced1ea4923ecbd0c57fe367898" "metadata" "--manifest-path" "Cargo.toml" "--no-deps", kill_on_drop: false }`
[INFO] removed /workspace/builds/worker-7-tc1/source/.cargo/config.toml
[INFO] removed /workspace/builds/worker-7-tc1/source/rust-toolchain
[INFO] started tweaking crates.io crate fastwebsockets 0.4.2
[INFO] removed 0 missing examples
[INFO] finished tweaking crates.io crate fastwebsockets 0.4.2
[INFO] tweaked toml for crates.io crate fastwebsockets 0.4.2 written to /workspace/builds/worker-7-tc1/source/Cargo.toml
[INFO] crate crates.io crate fastwebsockets 0.4.2 already has a lockfile, it will not be regenerated
[INFO] running `Command { std: CARGO_HOME="/workspace/cargo-home" RUSTUP_HOME="/workspace/rustup-home" "/workspace/cargo-home/bin/cargo" "+9610dfe5a9a731ced1ea4923ecbd0c57fe367898" "fetch" "--manifest-path" "Cargo.toml", kill_on_drop: false }`
[INFO] [stderr]     Updating crates.io index
[INFO] [stderr]  Downloading crates ...
[INFO] [stderr]   Downloaded criterion v0.4.0
[INFO] [stderr]   Downloaded cast v0.3.0
[INFO] [stderr]   Downloaded signal-hook-registry v1.4.1
[INFO] [stderr]   Downloaded criterion-plot v0.5.0
[INFO] [stderr]   Downloaded plotters-backend v0.3.4
[INFO] [stderr]   Downloaded plotters-svg v0.3.3
[INFO] [stderr]   Downloaded anes v0.1.6
[INFO] [stderr]   Downloaded plotters v0.3.4
[INFO] [stderr]   Downloaded assert2-macros v0.3.9
[INFO] [stderr]   Downloaded assert2 v0.3.10
[INFO] [stderr]   Downloaded is-terminal v0.4.7
[INFO] [stderr]   Downloaded rustls-pemfile v1.0.2
[INFO] [stderr]   Downloaded serde_json v1.0.94
[INFO] [stderr]   Downloaded generic-array v0.14.7
[INFO] [stderr]   Downloaded basic-toml v0.1.2
[INFO] [stderr]   Downloaded trybuild v1.0.80
[INFO] [stderr]   Downloaded hyper v0.14.26
[INFO] [stderr]   Downloaded ciborium-io v0.2.0
[INFO] [stderr]   Downloaded tinytemplate v1.2.1
[INFO] [stderr]   Downloaded oorandom v11.1.3
[INFO] [stderr]   Downloaded futures-task v0.3.27
[INFO] [stderr]   Downloaded serde_derive v1.0.158
[INFO] [stderr]   Downloaded futures-util v0.3.27
[INFO] [stderr]   Downloaded serde v1.0.158
[INFO] [stderr]   Downloaded simdutf8 v0.1.4
[INFO] [stderr]   Downloaded rustls-webpki v0.100.1
[INFO] [stderr]   Downloaded walkdir v2.3.3
[INFO] [stderr]   Downloaded linux-raw-sys v0.3.3
[INFO] [stderr]   Downloaded rustls v0.21.0
[INFO] [stderr]   Downloaded futures-core v0.3.27
[INFO] [stderr]   Downloaded cpufeatures v0.2.6
[INFO] [stderr]   Downloaded utf-8 v0.7.6
[INFO] [stderr]   Downloaded ciborium-ll v0.2.0
[INFO] [stderr]   Downloaded ciborium v0.2.0
[INFO] [stderr]   Downloaded futures-channel v0.3.27
[INFO] [stderr]   Downloaded tokio-rustls v0.24.0
[INFO] running `Command { std: "docker" "create" "-v" "/var/lib/crater-agent-workspace/builds/worker-7-tc1/target:/opt/rustwide/target:rw,Z" "-v" "/var/lib/crater-agent-workspace/builds/worker-7-tc1/source:/opt/rustwide/workdir:ro,Z" "-v" "/var/lib/crater-agent-workspace/cargo-home:/opt/rustwide/cargo-home:ro,Z" "-v" "/var/lib/crater-agent-workspace/rustup-home:/opt/rustwide/rustup-home:ro,Z" "-e" "SOURCE_DIR=/opt/rustwide/workdir" "-e" "CARGO_TARGET_DIR=/opt/rustwide/target" "-e" "CARGO_HOME=/opt/rustwide/cargo-home" "-e" "RUSTUP_HOME=/opt/rustwide/rustup-home" "-w" "/opt/rustwide/workdir" "-m" "1610612736" "--user" "0:0" "--network" "none" "ghcr.io/rust-lang/crates-build-env/linux@sha256:19e73879b68f455e41552ea35293514db52ea292d993f571636dbffedb77a1ee" "/opt/rustwide/cargo-home/bin/cargo" "+9610dfe5a9a731ced1ea4923ecbd0c57fe367898" "metadata" "--no-deps" "--format-version=1", kill_on_drop: false }`
[INFO] [stdout] 1be8b762089fe1e5b5fab4a7566d300fae6c6f485665edb6ea4740a1114f199a
[INFO] running `Command { std: "docker" "start" "-a" "1be8b762089fe1e5b5fab4a7566d300fae6c6f485665edb6ea4740a1114f199a", kill_on_drop: false }`
[INFO] running `Command { std: "docker" "inspect" "1be8b762089fe1e5b5fab4a7566d300fae6c6f485665edb6ea4740a1114f199a", kill_on_drop: false }`
[INFO] running `Command { std: "docker" "rm" "-f" "1be8b762089fe1e5b5fab4a7566d300fae6c6f485665edb6ea4740a1114f199a", kill_on_drop: false }`
[INFO] [stdout] 1be8b762089fe1e5b5fab4a7566d300fae6c6f485665edb6ea4740a1114f199a
[INFO] running `Command { std: "docker" "create" "-v" "/var/lib/crater-agent-workspace/builds/worker-7-tc1/target:/opt/rustwide/target:rw,Z" "-v" "/var/lib/crater-agent-workspace/builds/worker-7-tc1/source:/opt/rustwide/workdir:ro,Z" "-v" "/var/lib/crater-agent-workspace/cargo-home:/opt/rustwide/cargo-home:ro,Z" "-v" "/var/lib/crater-agent-workspace/rustup-home:/opt/rustwide/rustup-home:ro,Z" "-e" "SOURCE_DIR=/opt/rustwide/workdir" "-e" "CARGO_TARGET_DIR=/opt/rustwide/target" "-e" "CARGO_INCREMENTAL=0" "-e" "RUST_BACKTRACE=full" "-e" "RUSTFLAGS=--cap-lints=forbid" "-e" "RUSTDOCFLAGS=--cap-lints=forbid" "-e" "CARGO_HOME=/opt/rustwide/cargo-home" "-e" "RUSTUP_HOME=/opt/rustwide/rustup-home" "-w" "/opt/rustwide/workdir" "-m" "1610612736" "--user" "0:0" "--network" "none" "ghcr.io/rust-lang/crates-build-env/linux@sha256:19e73879b68f455e41552ea35293514db52ea292d993f571636dbffedb77a1ee" "/opt/rustwide/cargo-home/bin/cargo" "+9610dfe5a9a731ced1ea4923ecbd0c57fe367898" "check" "--frozen" "--all" "--all-targets" "--message-format=json", kill_on_drop: false }`
[INFO] [stdout] b4e83ee31988c47f1a62c66f001880f1be347a325de8b68c65e8f6292b088f42
[INFO] running `Command { std: "docker" "start" "-a" "b4e83ee31988c47f1a62c66f001880f1be347a325de8b68c65e8f6292b088f42", kill_on_drop: false }`
[INFO] [stderr]    Compiling libc v0.2.140
[INFO] [stderr]    Compiling proc-macro2 v1.0.53
[INFO] [stderr]    Compiling log v0.4.17
[INFO] [stderr]    Compiling syn v1.0.109
[INFO] [stderr]    Compiling serde_derive v1.0.158
[INFO] [stderr]    Compiling cc v1.0.79
[INFO] [stderr]    Compiling crossbeam-utils v0.8.15
[INFO] [stderr]    Compiling serde v1.0.158
[INFO] [stderr]     Checking pin-project-lite v0.2.9
[INFO] [stderr]    Compiling memoffset v0.8.0
[INFO] [stderr]    Compiling lock_api v0.4.9
[INFO] [stderr]    Compiling parking_lot_core v0.9.7
[INFO] [stderr]    Compiling crossbeam-epoch v0.9.14
[INFO] [stderr]     Checking smallvec v1.10.0
[INFO] [stderr]     Checking bytes v1.4.0
[INFO] [stderr]    Compiling memchr v2.5.0
[INFO] [stderr]    Compiling tokio v1.26.0
[INFO] [stderr]    Compiling serde_json v1.0.94
[INFO] [stderr]    Compiling futures-core v0.3.27
[INFO] [stderr]    Compiling indexmap v1.9.3
[INFO] [stderr]    Compiling num-traits v0.2.15
[INFO] [stderr]    Compiling rayon-core v1.11.0
[INFO] [stderr]     Checking either v1.8.1
[INFO] [stderr]    Compiling futures-task v0.3.27
[INFO] [stderr]    Compiling rustls v0.21.0
[INFO] [stderr]    Compiling futures-channel v0.3.27
[INFO] [stderr]    Compiling futures-util v0.3.27
[INFO] [stderr]     Checking half v1.8.2
[INFO] [stderr]     Checking os_str_bytes v6.5.0
[INFO] [stderr]    Compiling httparse v1.8.0
[INFO] [stderr]     Checking linux-raw-sys v0.3.3
[INFO] [stderr]     Checking ppv-lite86 v0.2.17
[INFO] [stderr]     Checking hashbrown v0.12.3
[INFO] [stderr]     Checking plotters-backend v0.3.4
[INFO] [stderr]     Checking crossbeam-channel v0.5.7
[INFO] [stderr]     Checking ciborium-io v0.2.0
[INFO] [stderr]     Checking clap_lex v0.2.4
[INFO] [stderr]     Checking ciborium-ll v0.2.0
[INFO] [stderr]     Checking itertools v0.10.5
[INFO] [stderr]     Checking http v0.2.9
[INFO] [stderr]     Checking tracing-core v0.1.30
[INFO] [stderr]     Checking same-file v1.0.6
[INFO] [stderr]    Compiling quote v1.0.26
[INFO] [stderr]     Checking plotters-svg v0.3.3
[INFO] [stderr]     Checking cast v0.3.0
[INFO] [stderr]     Checking regex-syntax v0.6.29
[INFO] [stderr]     Checking crossbeam-deque v0.8.3
[INFO] [stderr]     Checking textwrap v0.16.0
[INFO] [stderr]    Compiling trybuild v1.0.80
[INFO] [stderr]    Compiling syn v2.0.10
[INFO] [stderr]     Checking try-lock v0.2.4
[INFO] [stderr]     Checking want v0.3.0
[INFO] [stderr]     Checking tracing v0.1.37
[INFO] [stderr]     Checking walkdir v2.3.3
[INFO] [stderr]     Checking simdutf8 v0.1.4
[INFO] [stderr]     Checking anes v0.1.6
[INFO] [stderr]     Checking glob v0.3.1
[INFO] [stderr]     Checking termcolor v1.2.0
[INFO] [stderr]     Checking yansi v0.5.1
[INFO] [stderr]     Checking tower-service v0.3.2
[INFO] [stderr]     Checking utf-8 v0.7.6
[INFO] [stderr]    Compiling ring v0.16.20
[INFO] [stderr]     Checking base64 v0.21.0
[INFO] [stderr]     Checking oorandom v11.1.3
[INFO] [stderr]     Checking http-body v0.4.5
[INFO] [stderr]     Checking clap v3.2.23
[INFO] [stderr]     Checking plotters v0.3.4
[INFO] [stderr]     Checking rustls-pemfile v1.0.2
[INFO] [stderr]     Checking num_cpus v1.15.0
[INFO] [stderr]     Checking mio v0.8.6
[INFO] [stderr]     Checking socket2 v0.4.9
[INFO] [stderr]     Checking signal-hook-registry v1.4.1
[INFO] [stderr]     Checking getrandom v0.2.9
[INFO] [stderr]     Checking io-lifetimes v1.0.10
[INFO] [stderr]     Checking atty v0.2.14
[INFO] [stderr]     Checking rustix v0.37.7
[INFO] [stderr]     Checking rand_core v0.6.4
[INFO] [stderr]     Checking parking_lot v0.12.1
[INFO] [stderr]     Checking regex v1.7.3
[INFO] [stderr]     Checking rand_chacha v0.3.1
[INFO] [stderr]     Checking criterion-plot v0.5.0
[INFO] [stderr]     Checking rand v0.8.5
[INFO] [stderr]     Checking rayon v1.7.0
[INFO] [stderr]     Checking is-terminal v0.4.7
[INFO] [stderr]     Checking rustls-webpki v0.100.1
[INFO] [stderr]     Checking sct v0.7.0
[INFO] [stderr]    Compiling tokio-macros v1.8.2
[INFO] [stderr]    Compiling assert2-macros v0.3.9
[INFO] [stderr]     Checking assert2 v0.3.10
[INFO] [stderr]     Checking ciborium v0.2.0
[INFO] [stderr]     Checking basic-toml v0.1.2
[INFO] [stderr]     Checking tokio-rustls v0.24.0
[INFO] [stderr]     Checking hyper v0.14.26
[INFO] [stderr]     Checking fastwebsockets v0.4.2 (/opt/rustwide/workdir)
[INFO] [stderr]     Checking tinytemplate v1.2.1
[INFO] [stderr]     Checking criterion v0.4.0
[INFO] [stdout] error[E0432]: unresolved import `fastwebsockets::upgrade`
[INFO] [stdout]   --> examples/tls_server.rs:15:5
[INFO] [stdout]    |
[INFO] [stdout] 15 | use fastwebsockets::upgrade;
[INFO] [stdout]    |     ^^^^^^^^^^^^^^^^^^^^^^^ no `upgrade` in the root
[INFO] [stdout]    |
[INFO] [stdout] help: consider importing this module instead
[INFO] [stdout]    |
[INFO] [stdout] 15 | use hyper::upgrade;
[INFO] [stdout]    |     ~~~~~~~~~~~~~~
[INFO] [stdout] 
[INFO] [stdout] 
[INFO] [stdout] error[E0433]: failed to resolve: could not find `handshake` in `fastwebsockets`
[INFO] [stdout]   --> tests/upgrade.rs:58:25
[INFO] [stdout]    |
[INFO] [stdout] 58 |         fastwebsockets::handshake::generate_key(),
[INFO] [stdout]    |                         ^^^^^^^^^ could not find `handshake` in `fastwebsockets`
[INFO] [stdout] 
[INFO] [stdout] 
[INFO] [stdout] error[E0433]: failed to resolve: could not find `handshake` in `fastwebsockets`
[INFO] [stdout]   --> tests/upgrade.rs:63:61
[INFO] [stdout]    |
[INFO] [stdout] 63 |   let_assert!(Ok((mut stream, _response)) = fastwebsockets::handshake::client(&TestExecutor, req, stream).await);
[INFO] [stdout]    |                                                             ^^^^^^^^^ could not find `handshake` in `fastwebsockets`
[INFO] [stdout] 
[INFO] [stdout] 
[INFO] [stdout] error[E0433]: failed to resolve: could not find `upgrade` in `fastwebsockets`
[INFO] [stdout]   --> tests/upgrade.rs:81:27
[INFO] [stdout]    |
[INFO] [stdout] 81 |   assert!(fastwebsockets::upgrade::is_upgrade_request(&request) == true);
[INFO] [stdout]    |                           ^^^^^^^ could not find `upgrade` in `fastwebsockets`
[INFO] [stdout] 
[INFO] [stdout] 
[INFO] [stdout] error[E0433]: failed to resolve: could not find `upgrade` in `fastwebsockets`
[INFO] [stdout]   --> tests/upgrade.rs:83:44
[INFO] [stdout]    |
[INFO] [stdout] 83 |   let (response, stream) = fastwebsockets::upgrade::upgrade(&mut request)?;
[INFO] [stdout]    |                                            ^^^^^^^ could not find `upgrade` in `fastwebsockets`
[INFO] [stdout] 
[INFO] [stdout] 
[INFO] [stdout] error: aborting due to previous error
[INFO] [stdout] 
[INFO] [stdout] 
[INFO] [stdout] For more information about this error, try `rustc --explain E0432`.
[INFO] [stdout] 
[INFO] [stderr] error: could not compile `fastwebsockets` (example "tls_server") due to 2 previous errors
[INFO] [stderr] warning: build failed, waiting for other jobs to finish...
[INFO] [stdout] error: aborting due to 4 previous errors
[INFO] [stdout] 
[INFO] [stdout] 
[INFO] [stdout] For more information about this error, try `rustc --explain E0433`.
[INFO] [stdout] 
[INFO] [stderr] error: could not compile `fastwebsockets` (test "upgrade") due to 5 previous errors
[INFO] running `Command { std: "docker" "inspect" "b4e83ee31988c47f1a62c66f001880f1be347a325de8b68c65e8f6292b088f42", kill_on_drop: false }`
[INFO] running `Command { std: "docker" "rm" "-f" "b4e83ee31988c47f1a62c66f001880f1be347a325de8b68c65e8f6292b088f42", kill_on_drop: false }`
[INFO] [stdout] b4e83ee31988c47f1a62c66f001880f1be347a325de8b68c65e8f6292b088f42
